001
In base 3, what is 220 - -20122?
21112
In base 8, what is -112 + 0?
-112
In base 4, what is -2 - -13?
11
In base 16, what is aa - 0?
aa
In base 8, what is -15 - -4?
-11
In base 15, what is 4 - -89?
8d
In base 8, what is -1 + 505?
504
In base 14, what is 2 - -311?
313
In base 16, what is 3 - 36?
-33
In base 6, what is 100 + -2?
54
In base 11, what is 5 + 4?
9
In base 6, what is -3 + -25?
-32
In base 7, what is -645 - 2?
-650
In base 11, what is 7 - 5?
2
In base 2, what is -10001111111010 + -100?
-10001111111110
In base 10, what is -4 - 4?
-8
In base 11, what is -5 - -458?
453
In base 3, what is -12 - 11011212?
-11012001
In base 13, what is -2 - 265?
-267
In base 7, what is -35 - 16?
-54
In base 13, what is 14 + 318?
32c
In base 5, what is 4 + 111341?
111400
In base 11, what is -3 + -318?
-320
In base 12, what is 97 - 2?
95
In base 7, what is -202 + 10?
-162
In base 16, what is 1 + -a9?
-a8
In base 4, what is -3110 + 2?
-3102
In base 4, what is -12 + 100?
22
In base 8, what is -1206 + -3?
-1211
In base 5, what is -1 + 10?
4
In base 14, what is 2 + -2252?
-2250
In base 11, what is -13 + 11?
-2
In base 15, what is 1 + -cb5?
-cb4
In base 11, what is -5 - -141a?
1415
In base 6, what is 4 - -5142?
5150
In base 3, what is -11 - -200021?
200010
In base 16, what is -1 + -3a?
-3b
In base 2, what is -10001 - 11001101?
-11011110
In base 10, what is -28 - 2?
-30
In base 5, what is -400 - -1?
-344
In base 16, what is 3 + 10?
13
In base 11, what is -3 - -41a?
417
In base 11, what is -95 + 1?
-94
In base 11, what is -662 - 5?
-667
In base 13, what is -60 + 16?
-47
In base 3, what is 12 - 1222?
-1210
In base 2, what is -1 + -10110001?
-10110010
In base 16, what is 17 - -1?
18
In base 16, what is 1f9 + 4?
1fd
In base 5, what is 4230 - 10?
4220
In base 2, what is -110 + 1001100?
1000110
In base 10, what is 0 + 290?
290
In base 8, what is 6565 - 1?
6564
In base 10, what is -2 + 1?
-1
In base 14, what is -4 + -d?
-13
In base 9, what is 0 - 78?
-78
In base 4, what is 13 + -120?
-101
In base 16, what is 0 + 1b?
1b
In base 5, what is -13201 + 4?
-13142
In base 16, what is -9 - -44?
3b
In base 13, what is 4 - -17?
1b
In base 15, what is -5 + 151?
14b
In base 5, what is -3 - -134430?
134422
In base 16, what is -164 + -7?
-16b
In base 5, what is 0 - -10312?
10312
In base 13, what is -a1 - -13?
-8b
In base 9, what is 10 - 5?
4
In base 8, what is 4 + -1167?
-1163
In base 5, what is -4 - -1213?
1204
In base 15, what is 0 + 69?
69
In base 16, what is -5a - 5?
-5f
In base 7, what is 65 + 3?
101
In base 6, what is 1 + 4213?
4214
In base 5, what is 204 - -2?
211
In base 11, what is 4 - -a0?
a4
In base 10, what is -101 + 94?
-7
In base 8, what is -1107 - -3?
-1104
In base 9, what is 25 - 88?
-63
In base 3, what is -201 - 10?
-211
In base 14, what is 10 - -6?
16
In base 14, what is 5 - 43?
-3c
In base 8, what is 4 + 1436?
1442
In base 15, what is 5 - 17a?
-175
In base 4, what is 210 - 32?
112
In base 14, what is -5 + -47d?
-484
In base 4, what is -3 + 103131?
103122
In base 7, what is -35 + 454?
416
In base 13, what is 1aca + -3?
1ac7
In base 6, what is 12 - -14?
30
In base 9, what is -4 - -3827?
3823
In base 4, what is 313 - -2321?
3300
In base 11, what is -16 + 39?
23
In base 4, what is -10 - 101?
-111
In base 12, what is -4 - -1a3?
19b
In base 7, what is -5 - 5323?
-5331
In base 4, what is 0 + 300?
300
In base 8, what is 3773 + -2?
3771
In base 15, what is 6cb - 3?
6c8
In base 10, what is -4 + -6?
-10
In base 4, what is 11 - -333?
1010
In base 8, what is 1 + -143?
-142
In base 13, what is -842 - -5?
-83a
In base 16, what is -8 + c?
4
In base 14, what is 5 - -3cd?
3d4
In base 11, what is -14 - 4?
-18
In base 4, what is -12201 - 2?
-12203
In base 10, what is 24 + -56?
-32
In base 5, what is -3004 + 10?
-2444
In base 5, what is 3431 + 1?
3432
In base 3, what is -1 + -1101112?
-1101120
In base 16, what is 2c2 - 5?
2bd
In base 13, what is 0 - -c?
c
In base 13, what is 0 - -42b?
42b
In base 12, what is 448 - -3?
44b
In base 10, what is -379 + 0?
-379
In base 7, what is -40 + -150?
-220
In base 13, what is 8b - -1c?
aa
In base 5, what is -10 + 132?
122
In base 12, what is -1 - a8?
-a9
In base 3, what is -1200112 + -11?
-1200200
In base 13, what is 9 - 5?
4
In base 13, what is a6c - 3?
a69
In base 10, what is -1744 + 1?
-1743
In base 3, what is -1 - 1101?
-1102
In base 5, what is -2 + -200?
-202
In base 12, what is -5 + 80?
77
In base 16, what is 44 - -8?
4c
In base 11, what is 5 - 1802?
-17a8
In base 16, what is 5 + 37?
3c
In base 16, what is 12c1 + -2?
12bf
In base 8, what is -20 - -70?
50
In base 12, what is -172 - -30?
-142
In base 3, what is 211220 + -11?
211202
In base 15, what is 3 + -6d?
-6a
In base 15, what is -ba - 5?
-c0
In base 16, what is -68a + -4?
-68e
In base 7, what is 50 + -32?
15
In base 13, what is 50a - -4?
511
In base 11, what is 4 + -416?
-412
In base 2, what is -10010 + 1001101000?
1001010110
In base 4, what is -2231 + 1?
-2230
In base 15, what is 1 - -2b?
2c
In base 2, what is 101101 + -100101?
1000
In base 10, what is 122 + 64?
186
In base 13, what is -5 - 1c5?
-1ca
In base 12, what is 8 - -91?
99
In base 5, what is -1 - -1030?
1024
In base 6, what is 2 + 220?
222
In base 11, what is -157 - -4?
-153
In base 14, what is c3 - -5?
c8
In base 3, what is 1110 - 2?
1101
In base 8, what is 1 - -346?
347
In base 4, what is -10 - -20130?
20120
In base 3, what is -11 - -20?
2
In base 11, what is -6 - 26?
-31
In base 5, what is -302 + 22?
-230
In base 3, what is 12 + 20?
102
In base 12, what is -18 + -a3?
-bb
In base 9, what is -2 + 13?
11
In base 15, what is -5e - 1?
-60
In base 11, what is -6 - -17?
11
In base 6, what is 1021 + 3?
1024
In base 15, what is -81a + 4?
-816
In base 3, what is 20 - 202012?
-201222
In base 4, what is 1132 + -1?
1131
In base 8, what is 5 - 5367?
-5362
In base 2, what is 11111 - 10?
11101
In base 5, what is -101 - -1013?
412
In base 7, what is 103663 + -5?
103655
In base 11, what is 10 - 171?
-161
In base 3, what is -2 - 102?
-111
In base 10, what is 1144 - 0?
1144
In base 8, what is 650 + 5?
655
In base 10, what is -11 + 0?
-11
In base 6, what is 11 + -12?
-1
In base 5, what is 104133 - 0?
104133
In base 2, what is 1011001111 + -10?
1011001101
In base 8, what is -203 + 12?
-171
In base 8, what is 7 + 34?
43
In base 11, what is 3 + 1079?
1081
In base 8, what is 3704 + -3?
3701
In base 2, what is -101 - 10100011?
-10101000
In base 3, what is 1120 - -1120?
10010
In base 5, what is -2 - 101?
-103
In base 15, what is 0 - 963?
-963
In base 8, what is 1 - 237?
-236
In base 6, what is 24 - -1?
25
In base 6, what is -3 + 33?
30
In base 9, what is 5 - -840?
845
In base 13, what is 4 - -1a86?
1a8a
In base 15, what is -13e + 2?
-13c
In base 16, what is 8 + -3b?
-33
In base 14, what is -38 + 5?
-33
In base 16, what is -7 + -2d?
-34
In base 2, what is -1001101 + 100011?
-101010
In base 8, what is -264 - 0?
-264
In base 11, what is -62a - 0?
-62a
In base 7, what is 13 + 350?
363
In base 6, what is 3 + -124?
-121
In base 15, what is 638 - -e?
647
In base 12, what is -13 - -a4?
91
In base 15, what is 1 + 3d0?
3d1
In base 4, what is 10 + 12?
22
In base 14, what is a34 - 2?
a32
In base 10, what is 16 - -27?
43
In base 15, what is -1e43 + -3?
-1e46
In base 5, what is -144 + 10?
-134
In base 3, what is 11 - -1111?
1122
In base 6, what is -123 + -11?
-134
In base 12, what is 4 + -1a2b?
-1a27
In base 10, what is 196 - 13?
183
In base 4, what is 0 + 32?
32
In base 11, what is -1 - -2496?
2495
In base 14, what is -a + -50a?
-516
In base 16, what is -13e + -5?
-143
In base 11, what is -3 + -5?
-8
In base 3, what is 12 - -222?
1011
In base 15, what is 5 + 1657?
165c
In base 6, what is 4 + 4245?
4253
In base 9, what is 4 - 11?
-6
In base 12, what is -3 + 0?
-3
In base 15, what is -1 - -472?
471
In base 4, what is 2220 + 21?
2301
In base 9, what is -72 - -54?
-17
In base 4, what is -10 + 111?
101
In base 3, what is -110220 - -21?
-110122
In base 16, what is 23b + 4?
23f
In base 15, what is -847 - -2?
-845
In base 6, what is -430 + -13?
-443
In base 16, what is 5 + -20?
-1b
In base 9, what is -5 - 88?
-104
In base 2, what is -101010011101 - 1?
-101010011110
In base 5, what is -12420 + -22?
-12442
In base 9, what is 0 - -115?
115
In base 9, what is -1785 - 23?
-1